ighest common divisor of 12912 and 544234344.
6456
Calculate the greatest common divisor of 242063661 and 167.
167
What is the greatest common factor of 238867748 and 476?
476
What is the highest common factor of 1285 and 164380?
5
Calculate the greatest common divisor of 1859194 and 12524.
62
Calculate the greatest common divisor of 16308 and 14705286.
906
What is the highest common divisor of 11256357 and 189?
21
Calculate the highest common divisor of 520950290 and 700.
70
Calculate the highest common factor of 403845 and 885495.
3705
Calculate the highest common divisor of 904230 and 8559.
27
Calculate the highest common factor of 6300 and 62108550.
3150
What is the highest common divisor of 363 and 289510287?
363
Calculate the greatest common divisor of 224 and 354428.
4
Calculate the greatest common factor of 54 and 11922903.
27
What is the greatest common divisor of 487600 and 1969480?
2120
Calculate the greatest common divisor of 4550 and 103210.
10
What is the highest common divisor of 27 and 11241?
9
What is the greatest common divisor of 603311 and 27?
1
What is the greatest common factor of 1569325 and 12125?
25
What is the highest common factor of 5301954 and 1503621?
1827
What is the highest common factor of 1551711000 and 21375?
7125
What is the greatest common factor of 185130 and 155606?
242
What is the highest common divisor of 19332 and 27567?
27
Calculate the greatest common divisor of 18402 and 153350.
6134
What is the highest common divisor of 1155 and 10103905?
35
What is the highest common divisor of 1205 and 50189455?
1205
What is the highest common factor of 428160 and 203520?
1920
What is the greatest common factor of 14 and 4761841?
7
Calculate the highest common divisor of 650 and 41238925.
325
What is the greatest common factor of 132373927 and 56?
7
Calculate the highest common factor of 39448 and 257496.
8
What is the highest common divisor of 821082 and 161294?
562
Calculate the highest common divisor of 133824 and 17367846.
4182
Calculate the greatest common factor of 1902 and 167554.
2
Calculate the greatest common factor of 13820 and 3575925.
3455
Calculate the highest common divisor of 806401 and 6465.
431
What is the highest common divisor of 1394 and 8591263?
41
Calculate the highest common factor of 35025 and 2594652.
1401
Calculate the greatest common divisor of 108458 and 187579.
889
Calculate the greatest common divisor of 6304 and 227328.
32
What is the greatest common divisor of 19138320 and 3060?
180
Calculate the highest common factor of 44708843 and 10089.
1121
What is the highest common divisor of 60265 and 8415?
85
What is the greatest common divisor of 224751 and 12179?
19
Calculate the highest common factor of 197511948 and 67118.
1814
Calculate the highest common factor of 29472 and 620448.
96
What is the highest common divisor of 694064 and 336?
112
Calculate the highest common divisor of 26 and 137803016.
26
Calculate the greatest common divisor of 1248 and 135555108.
156
What is the greatest common divisor of 7854301 and 637?
91
What is the highest common divisor of 55970 and 10933?
29
What is the greatest common factor of 197496 and 25344?
72
What is the highest common factor of 3904 and 295?
1
What is the highest common divisor of 34 and 49766004?
34
Calculate the highest common divisor of 2485748 and 828.
92
What is the highest common divisor of 366 and 226602?
6
Calculate the greatest common factor of 8417766 and 5848.
86
Calculate the highest common factor of 632948 and 16748.
316
What is the greatest common factor of 162638 and 10766?
14
Calculate the greatest common factor of 258 and 624222572.
86
What is the greatest common factor of 69738 and 39766?
118
Calculate the highest common factor of 594 and 30208.
2
Calculate the highest common factor of 1501899 and 35649.
51
Calculate the greatest common factor of 194792 and 2548.
52
Calculate the highest common divisor of 51357 and 479961.
51
What is the highest common divisor of 9351 and 624173016?
3117
What is the greatest common divisor of 4608 and 727136?
32
Calculate the greatest common divisor of 15167 and 43181.
29
Calculate the greatest common divisor of 12521 and 43491.
19
What is the highest common factor of 155618 and 21454?
34
What is the highest common factor of 856375 and 2053285?
2015
Calculate the highest common factor of 5647473 and 208.
13
Calculate the greatest common factor of 14035 and 9237837.
2807
Calculate the greatest common factor of 2395635 and 330.
165
What is the greatest common factor of 6524 and 146069098?
3262
Calculate the highest common factor of 10416 and 21012327.
651
What is the greatest common factor of 1680 and 2117430?
210
What is the greatest common divisor of 49168762 and 89?
89
What is the highest common divisor of 11679 and 24121028?
3893
Calculate the greatest common factor of 234208 and 59872.
32
Calculate the highest common factor of 1054747 and 28402.
1291
What is the greatest common factor of 103237248 and 138?
138
What is the greatest common divisor of 4448 and 497759?
139
What is the highest common factor of 224 and 6205792?
32
Calculate the greatest common divisor of 3434976 and 32544.
288
Calculate the highest common divisor of 18235 and 223965.
35
Calculate the highest common factor of 11190 and 65342886.
2238
What is the greatest common divisor of 12024 and 144?
72
Calculate the greatest common divisor of 1080 and 7273746.
54
What is the highest common divisor of 92342745 and 990?
495
What is the highest common divisor of 638 and 174232?
58
Calculate the highest common factor of 16016 and 25170002.
286
Calculate the highest common factor of 1402 and 1806284926.
1402
What is the greatest common divisor of 3841530 and 840?
210
Calculate the highest common divisor of 79753697 and 1439.
1439
Calculate the highest common factor of 2406 and 134208.
6
Calculate the highest common factor of 4975 and 21664150.
25
Calculate the highest common factor of 320 and 22062520.
40
What is the highest common factor of 166612860 and 55380?
4260
What is the highest common divisor of 196861994 and 19730?
3946
Calculate the highest common divisor of 53458 and 1894.
2
What is the highest common factor of 6490 and 82765790?
590
What is the greatest common divisor of 956635053 and 33?
33
Calculate the highest common divisor of 498005 and 88065.
515
Calculate the highest common factor of 176526 and 64638.
378
Calculate the highest common divisor of 3013677 and 10197.
927
Calculate the greatest common divisor of 2732096 and 68.
4
Calculate the greatest common factor of 4371074 and 1037.
17
What is the greatest common divisor of 20 and 201983560?
20
What is the highest common divisor of 24940 and 7271518?
58
What is the greatest common factor of 187461 and 447627?
393
Calculate the greatest common divisor of 28530 and 314781.
951
Calculate the greatest common factor of 6342 and 5033474166.
6342
Calculate the greatest common divisor of 3721410 and 46530.
990
What is the highest common factor of 4513700 and 150?
50
Calculate the greatest common factor of 318 and 44296446.
318
Calculate the greatest common divisor of 25604 and 383468.
148
Calculate the greatest common factor of 146652 and 382588.
404
Calculate the highest common divisor of 1217070840 and 4503.
4503
Calculate the highest common divisor of 688779 and 2562.
21
What is the highest common divisor of 5927139 and 1379?
197
What is the highest common factor of 159192 and 31676796?
2412
Calculate the highest common factor of 12348 and 4151049.
21
What is the highest common divisor of 288 and 55651744?
32
What is the highest common factor of 375 and 17940555?
15
What is the highest common factor of 706 and 27092750?
706
Calculate the greatest common divisor of 104808764 and 211.
211
What is the highest common factor of 5846598 and 414?
18
What is the highest common divisor of 260192 and 7958?
346
What is the greatest common factor of 147381918 and 13548?
6774
What is the highest common factor of 3481268 and 28280?
2828
Calculate the highest common divisor of 236 and 1024594.
118
What is the highest common factor of 3521 and 17388?
7
Calculate the greatest common factor of 22 and 4022.
2
Calculate the greatest common factor of 6009990 and 3255.
105
Wha